. Let m = d - -281. What is the greatest common divisor of 16 and m?
16
Let v be (32/(-120))/(2/5)*-6. Suppose -l = 4*g - 2*g - 182, v*g = 4. What is the greatest common factor of 144 and l?
36
Let d(n) = 23*n + 23. Let t be d(-1). Let a be (5 + t)/(272/24 - 11). What is the highest common divisor of a and 30?
15
Let g be ((-1)/3)/(332/(-833652)). Calculate the highest common factor of g and 651.
93
Let u(k) = -13*k**3 + k + 1. Let m be u(-1). Let j = m - -8. Let z(v) = -31*v**3 - 4*v**2 - v - 3. Let g be z(-2). What is the highest common factor of g and j?
21
Let c = -2483 + 2890. What is the highest common factor of 925 and c?
37
Suppose 3*t = 5*t + 4*v - 16, 5*t + v = 13. Suppose 0*o - 4*o + 458 = 5*y, -5*y + 454 = t*o. Let i = -25 - -35. What is the highest common divisor of i and y?
10
Let h(u) = -u**3 - 12*u**2 + 6*u - 10. Let i be h(-13). Let c = -39 + i. What is the highest common divisor of 14 and c?
14
Let k(s) = s + 2. Let o be k(-2). Suppose o = 267*n - 270*n + 315. Calculate the greatest common factor of n and 63.
21
Let z(u) = 7*u**2 + 2*u + 4. Let a be z(-2). Suppose a = 7*d - 0*d. Let t be (20 - (-4 + 8))*(d - 2). Calculate the highest common factor of 352 and t.
32
Let m be ((-7)/(-14))/(3/(-18)). Let f be -1 - (m + 1 + -3). Calculate the highest common factor of 92 and f.
4
Let y = -64 + 75. Let i(t) = -71*t - 505. Let w be i(-13). What is the highest common divisor of w and y?
11
Suppose 5*r + 52 = 202. What is the greatest common divisor of r and 294?
6
Suppose 4*g + 4355 = d, -5*d + 21775 = -309*g + 306*g. Calculate the highest common divisor of d and 455.
65
Let r(a) be the second derivative of -7*a**4/4 - 5*a**3/6 + 5*a**2/2 + 16*a. Let c be r(2). Let l = c - -131. What is the highest common factor of l and 210?
42
Suppose -13*r - 60 = -23*r. What is the greatest common factor of 1392 and r?
6
Let u(x) = 46*x**3 + 3*x**2 - 3*x + 1. Suppose 6 = 5*m - 2*n, -m + 2*m = 4*n - 6. Let a be u(m). What is the highest common divisor of a and 30?
15
Suppose -h + 5*l = -1698, -2*h + 63*l - 64*l + 3363 = 0. Calculate the highest common factor of 17 and h.
17
Suppose -l + 787*q = 783*q - 102, 3*q - 9 = 0. Calculate the highest common factor of 15922 and l.
38
Suppose -7*k + 2*i = -3*k - 270, 195 = 3*k - 3*i. Calculate the greatest common factor of k and 182.
14
Let z = 5 + -3. Suppose -3*d + 13 = -z*d. Let b = 19293 + -19202. What is the highest common divisor of d and b?
13
Let b(k) = -3*k**3 - 4*k + 6*k**2 + 9 + 7*k**3 - 5*k**3 + 2*k**3. Let p be b(-5). Let r = -28 + p. What is the greatest common factor of 39 and r?
13
Let r = -579 + 595. Let u be (r*1)/(6 - (16 - 11)). Calculate the greatest common factor of u and 424.
8
Let u(o) = o**3 - 18*o**2 - 40*o + 33. Let n be u(20). Let w be (((-36)/5)/3)/(n/(-220)). Calculate the highest common divisor of w and 88.
8
Suppose 72*a - 3990 + 11 = 629. Let s = 480 - 32. Calculate the highest common factor of s and a.
64
Suppose 6*d = -25 + 37. Let m be (-8 - (-2 - 0 - d))*-1. Suppose -2*h + 3 = u - m*h, -5*h = -4*u + 12. What is the highest common factor of 27 and u?
3
Suppose -4*l + 52 = r, -34 = -2*l - 2*r - 2. Suppose -l*y = y - 169. What is the greatest common divisor of 130 and y?
13
Suppose 3*o + 4*u = 27, -5*u + 6 + 9 = 0. Let q = 198 + -143. Calculate the greatest common factor of o and q.
5
Suppose 0 = -4*i - 5*x + 154, 32 = -4*i + 2*x + 200. Let h = 78 - i. Suppose -101 = -2*u - h. Calculate the highest common divisor of u and 96.
32
Let o(z) = z**2 - 54*z - 272. Let y be o(64). What is the greatest common factor of 176 and y?
16
Let z(d) = 2*d**3 - d - 1. Let a be z(2). Let u(q) = -2*q**2 - 8*q + 3. Let o be u(-4). Suppose o*m - 96 = 60. What is the greatest common divisor of a and m?
13
Let b(m) = -3*m**3 + 13*m**2 + 13*m - 8. Let d be b(5). Let h be 765/12 + (-6)/8. What is the greatest common divisor of h and d?
7
Let p(z) = 7*z**2 + 344*z - 689. Let b be p(2). Calculate the greatest common factor of b and 30.
3
Let s be 4 - (185/(-555))/((-1)/(-30)). Let a be 2398/18 - (-2)/(-9). What is the highest common divisor of a and s?
7
Let b(a) = 3*a**2 + 2*a - 15. Let i be 1*-4*(0 + (-5)/(-10)). Let x be i*1/2 + -5. Let r be b(x). Calculate the highest common factor of 9 and r.
9
Suppose 125*s - 77976 = 140*s - 376*s. Let k = 13 + 5. Calculate the greatest common divisor of s and k.
18
Let w(t) = -119*t - 1127. Let q be w(-63). What is the highest common factor of 364 and q?
182
Suppose 0 = -70*o - 1285 + 2811 + 3234. Calculate the greatest common factor of o and 3230.
34
Let g(l) be the second derivative of 11*l + l**4 + 2*l**2 + 0 - 7/3*l**3. Let k be g(6). Calculate the greatest common factor of k and 32.
32
Let f = 85 + -73. Let n be 24*96/54 - f/(-9). Let q be 4/(-5)*(-1210)/n. Calculate the highest common factor of 22 and q.
22
Let w be ((-335)/670)/(2/(-17980)). What is the greatest common factor of w and 145?
145
Let m = 2241 + -1413. Suppose 59*u - 3718 = 7138. What is the greatest common divisor of u and m?
92
Let u(w) = w**2 - 187*w + 1126. Let t be u(6). What is the highest common divisor of 120 and t?
40
Suppose 2*r = 4*v - 5*v + 125, -4*v = -r - 527. Suppose -3*n = -v - 493. Calculate the highest common factor of n and 13.
13
Suppose 0 = -6*u + 35135 - 1583. Suppose 18*k - u = -1092. Suppose 4*t - k = -10. What is the highest common divisor of t and 12?
12
Suppose 198 = 4*o + 5*h, -108*o + 103*o + h = -204. What is the highest common factor of o and 7854?
42
Suppose -3 + 3 = 24*l. Suppose l = 16*p + 7*p - 5681. What is the highest common factor of 19 and p?
19
Let t(d) = 4*d**2 + 89*d - 425. Let h be t(-27). What is the greatest common divisor of h and 4972?
44
Suppose 3*l = 3*d - 1155, -1233 = -3*d - 2*l - 103. Let n = -164 + d. What is the highest common divisor of n and 8?
8
Let f be (6 - 1 - 5)*(-5)/(-10) + 1075. Calculate the greatest common divisor of f and 86.
43
Let k(m) = -11*m + 241 + 2*m - 279 + 0*m. Let i be k(-30). Calculate the highest common divisor of i and 29.
29
Let u(o) = -o**2 + 81*o + 1565. Let v be u(97). Suppose -2*h + 2*w + 185 = -h, h + 5*w - 220 = 0. Calculate the highest common divisor of v and h.
13
Let s(a) = -26*a - 1611. Let z be s(-64). Calculate the greatest common divisor of 16165 and z.
53
Let a be -26 + 27 + (-18)/(-2). What is the greatest common divisor of a and 222?
2
Suppose 0 = -377*w + 374*w + 54. Let p = 2 + 1. Suppose 3*g - p*t - 93 = 0, -2*g + 36 = 4*t - 2. Calculate the greatest common factor of w and g.
9
Let p = -4 - -9. Let l(m) = -m**2 + 10*m - 17. Let f be l(p). Let n be (f - 7)/((-3)/(-135)). Calculate the highest common divisor of n and 5.
5
Suppose 14*y = 34*y. Suppose y = 278*d - 269*d - 441. Suppose 2*m = -2*m + 28. Calculate the greatest common factor of d and m.
7
Suppose 0 = s + 3*y - 235, -y = -s + 3*y + 200. Suppose 0 = 4*o + 12 - 28, -5*h - 5*o = -s. Let v = h - -200. What is the greatest common factor of v and 30?
30
Suppose 56136*c - 56130*c - 24420 = 0. Calculate the greatest common factor of 33 and c.
11
Let f = -9954 + 10050. What is the highest common divisor of f and 72?
24
Let s(f) = 17*f - 31. Let a(x) = 14*x - 31. Let v(q) = 5*a(q) - 4*s(q). Let b be v(19). What is the greatest common divisor of 259 and b?
7
Suppose 4*z - 3*h = -7*h + 1008, 504 = 2*z + 4*h. Let v = 36 - 6. Suppose 21*u - v*u = -252. What is the highest common factor of z and u?
28
Suppose 0 = -5*k - 2*m + 16 + 19, 5*m - 30 = -k. Let z = k + -3. Let i be z/(-10) - 153/(-15). What is the greatest common factor of i and 25?
5
Suppose 0 = 11*c - 14*c - 9. Let y be (73 - -2) + -6*1/c. Let a = y - 75. What is the highest common factor of a and 10?
2
Let u(k) = -39*k + 2416. Let q be u(60). Calculate the greatest common factor of 2774 and q.
38
Let u(i) = i**2 - 20*i + 41. Let l = -82 - -100. Let h be u(l). Suppose -3*s = -2*q - 0 - h, -3*s = -4*q - 7. Calculate the greatest common factor of 9 and s.
1
Let t be (1/((-35)/(-65)) + -1)/((-14)/(-20090)). What is the greatest common divisor of t and 1066?
82
Let s be 1 - 2 - (-38)/1. Let d be (-10 - -6)*(-4)/8*-8. Let v(k) = 2*k**2 + k - 89. Let x be v(d). Calculate the greatest common divisor of x and s.
37
Suppose -194*q + 21 = -173. What is the greatest common divisor of 719 and q?
1
S